{"id":10595,"date":"2024-10-12T20:57:32","date_gmt":"2024-10-12T20:57:32","guid":{"rendered":"https:\/\/asiaglobalservice.com\/?post_type=product&#038;p=10595"},"modified":"2025-12-16T10:37:01","modified_gmt":"2025-12-16T09:37:01","slug":"supramatic-p-4-cod-4510254","status":"publish","type":"product","link":"https:\/\/asiaglobalservice.com\/index.php\/prodotto\/supramatic-p-4-cod-4510254\/","title":{"rendered":"SUPRAMATIC P-4  cod.4510254"},"content":{"rendered":"<p><span style=\"font-family: arial, helvetica, sans-serif\"><span style=\"font-size: 14pt\"><strong>Corpo motore<\/strong><\/span> senza materiale di fissaggio con ricevente incorporata<\/span><\/p>\n<p><span style=\"font-family: arial, helvetica, sans-serif\">ll motore H\u00f6rmann SupraMatic P4 \u00e8 un automatismo per porte da garage ad alte prestazioni, progettato per porte di grandi dimensioni, con una superficie porta massima di 15 m\u00b2 e una larghezza fino a 6000 mm. Viene fornito con un telecomando HSE 4 BS ed \u00e8 dotato di tecnologia Bluetooth e BiSecur che consente un controllo sicuro tramite l&#8217;app H\u00f6rmann BlueSecur. Questo motore \u00e8 veloce, con una velocit\u00e0 di apertura fino a 25 cm\/s, e pu\u00f2 eseguire fino a 50 cicli al giorno, ideale per un uso intensivo. Il kit non comprende il binario di guida, che deve essere acquistato separatamente. <\/span><span class=\"a-list-item\" style=\"font-family: arial, helvetica, sans-serif\">L&#8217;azionamento \u00e8 adatto per cancelli con ante scorrevoli e per porte in legno.\u00a0<\/span><span class=\"a-list-item\" style=\"font-family: arial, helvetica, sans-serif\">Nella confezione sono inclusi una testina di trasmissione, un trasmettitore HSE 4 e un cavo di collegamento con spina europea.\u00a0<\/span><span class=\"a-list-item\" style=\"font-family: arial, helvetica, sans-serif\">Ridotto consumo energetico. In standby il motore consuma meno di 1 Watt e protegge l&#8217;ambiente e il vostro portafoglio.<\/span><\/p>\n<p><span class=\"a-list-item\" style=\"font-family: arial, helvetica, sans-serif\">Dettagli tecnici: forza di trazione e pressione 750 N. Velocit\u00e0 di apertura max. 25 cm\/s. Alimentazione elettrica: 230 V &#8211; 240 V CA<\/span><\/p>","protected":false},"excerpt":{"rendered":"<p>IVA COMPRESA<\/p>\n","protected":false},"featured_media":10601,"template":"","meta":{"_joinchat":[]},"product_brand":[315],"product_cat":[137,132,138],"product_tag":[271,178,202],"class_list":{"0":"post-10595","1":"product","2":"type-product","3":"status-publish","4":"has-post-thumbnail","6":"product_brand-hormann","7":"product_cat-basculante-hormann","8":"product_cat-hormann","9":"product_cat-sezionale","10":"product_tag-motorizzazioni","11":"product_tag-porte-garage","12":"product_tag-porte-sezionali","14":"first","15":"instock","16":"shipping-taxable","17":"purchasable","18":"product-type-simple"},"yoast_head":"<!-- This site is optimized with the Yoast SEO plugin v26.1.1 - https:\/\/yoast.com\/wordpress\/plugins\/seo\/ -->\n<title>SUPRAMATIC P-4 cod.4510254 - Asia Global Service<\/title>\n<meta name=\"robots\" content=\"index, follow, max-snippet:-1, max-image-preview:large, max-video-preview:-1\" \/>\n<link rel=\"canonical\" href=\"https:\/\/asiaglobalservice.com\/index.php\/prodotto\/supramatic-p-4-cod-4510254\/\" \/>\n<meta property=\"og:locale\" content=\"it_IT\" \/>\n<meta property=\"og:type\" content=\"article\" \/>\n<meta property=\"og:title\" content=\"SUPRAMATIC P-4 cod.4510254 - Asia Global Service\" \/>\n<meta property=\"og:description\" content=\"IVA COMPRESA\" \/>\n<meta property=\"og:url\" content=\"https:\/\/asiaglobalservice.com\/index.php\/prodotto\/supramatic-p-4-cod-4510254\/\" \/>\n<meta property=\"og:site_name\" content=\"Asia Global Service\" \/>\n<meta property=\"article:modified_time\" content=\"2025-12-16T09:37:01+00:00\" \/>\n<meta property=\"og:image\" content=\"https:\/\/asiaglobalservice.com\/wp-content\/uploads\/2024\/10\/SUPRAMATIC-P-4.webp\" \/>\n\t<meta property=\"og:image:width\" content=\"1600\" \/>\n\t<meta property=\"og:image:height\" content=\"1600\" \/>\n\t<meta property=\"og:image:type\" content=\"image\/webp\" \/>\n<meta name=\"twitter:card\" content=\"summary_large_image\" \/>\n<meta name=\"twitter:label1\" content=\"Tempo di lettura stimato\" \/>\n\t<meta name=\"twitter:data1\" content=\"2 minuti\" \/>\n<script type=\"application\/ld+json\" class=\"yoast-schema-graph\">{\"@context\":\"https:\/\/schema.org\",\"@graph\":[{\"@type\":\"WebPage\",\"@id\":\"https:\/\/asiaglobalservice.com\/index.php\/prodotto\/supramatic-p-4-cod-4510254\/\",\"url\":\"https:\/\/asiaglobalservice.com\/index.php\/prodotto\/supramatic-p-4-cod-4510254\/\",\"name\":\"SUPRAMATIC P-4 cod.4510254 - Asia Global Service\",\"isPartOf\":{\"@id\":\"https:\/\/asiaglobalservice.com\/#website\"},\"primaryImageOfPage\":{\"@id\":\"https:\/\/asiaglobalservice.com\/index.php\/prodotto\/supramatic-p-4-cod-4510254\/#primaryimage\"},\"image\":{\"@id\":\"https:\/\/asiaglobalservice.com\/index.php\/prodotto\/supramatic-p-4-cod-4510254\/#primaryimage\"},\"thumbnailUrl\":\"https:\/\/asiaglobalservice.com\/wp-content\/uploads\/2024\/10\/SUPRAMATIC-P-4.webp\",\"datePublished\":\"2024-10-12T20:57:32+00:00\",\"dateModified\":\"2025-12-16T09:37:01+00:00\",\"breadcrumb\":{\"@id\":\"https:\/\/asiaglobalservice.com\/index.php\/prodotto\/supramatic-p-4-cod-4510254\/#breadcrumb\"},\"inLanguage\":\"it-IT\",\"potentialAction\":[{\"@type\":\"ReadAction\",\"target\":[\"https:\/\/asiaglobalservice.com\/index.php\/prodotto\/supramatic-p-4-cod-4510254\/\"]}]},{\"@type\":\"ImageObject\",\"inLanguage\":\"it-IT\",\"@id\":\"https:\/\/asiaglobalservice.com\/index.php\/prodotto\/supramatic-p-4-cod-4510254\/#primaryimage\",\"url\":\"https:\/\/asiaglobalservice.com\/wp-content\/uploads\/2024\/10\/SUPRAMATIC-P-4.webp\",\"contentUrl\":\"https:\/\/asiaglobalservice.com\/wp-content\/uploads\/2024\/10\/SUPRAMATIC-P-4.webp\",\"width\":1600,\"height\":1600},{\"@type\":\"BreadcrumbList\",\"@id\":\"https:\/\/asiaglobalservice.com\/index.php\/prodotto\/supramatic-p-4-cod-4510254\/#breadcrumb\",\"itemListElement\":[{\"@type\":\"ListItem\",\"position\":1,\"name\":\"Home\",\"item\":\"https:\/\/asiaglobalservice.com\/\"},{\"@type\":\"ListItem\",\"position\":2,\"name\":\"Shop\",\"item\":\"https:\/\/asiaglobalservice.com\/index.php\/shop\/\"},{\"@type\":\"ListItem\",\"position\":3,\"name\":\"SUPRAMATIC P-4 cod.4510254\"}]},{\"@type\":\"WebSite\",\"@id\":\"https:\/\/asiaglobalservice.com\/#website\",\"url\":\"https:\/\/asiaglobalservice.com\/\",\"name\":\"Asia Global Service\",\"description\":\"\",\"publisher\":{\"@id\":\"https:\/\/asiaglobalservice.com\/#organization\"},\"potentialAction\":[{\"@type\":\"SearchAction\",\"target\":{\"@type\":\"EntryPoint\",\"urlTemplate\":\"https:\/\/asiaglobalservice.com\/?s={search_term_string}\"},\"query-input\":{\"@type\":\"PropertyValueSpecification\",\"valueRequired\":true,\"valueName\":\"search_term_string\"}}],\"inLanguage\":\"it-IT\"},{\"@type\":\"Organization\",\"@id\":\"https:\/\/asiaglobalservice.com\/#organization\",\"name\":\"Asia Global Service\",\"url\":\"https:\/\/asiaglobalservice.com\/\",\"logo\":{\"@type\":\"ImageObject\",\"inLanguage\":\"it-IT\",\"@id\":\"https:\/\/asiaglobalservice.com\/#\/schema\/logo\/image\/\",\"url\":\"https:\/\/asiaglobalservice.com\/wp-content\/uploads\/2024\/10\/logo-asia-sfondato.png\",\"contentUrl\":\"https:\/\/asiaglobalservice.com\/wp-content\/uploads\/2024\/10\/logo-asia-sfondato.png\",\"width\":826,\"height\":278,\"caption\":\"Asia Global Service\"},\"image\":{\"@id\":\"https:\/\/asiaglobalservice.com\/#\/schema\/logo\/image\/\"}}]}<\/script>\n<!-- \/ Yoast SEO plugin. -->","yoast_head_json":{"title":"SUPRAMATIC P-4 cod.4510254 - Asia Global Service","robots":{"index":"index","follow":"follow","max-snippet":"max-snippet:-1","max-image-preview":"max-image-preview:large","max-video-preview":"max-video-preview:-1"},"canonical":"https:\/\/asiaglobalservice.com\/index.php\/prodotto\/supramatic-p-4-cod-4510254\/","og_locale":"it_IT","og_type":"article","og_title":"SUPRAMATIC P-4 cod.4510254 - Asia Global Service","og_description":"IVA COMPRESA","og_url":"https:\/\/asiaglobalservice.com\/index.php\/prodotto\/supramatic-p-4-cod-4510254\/","og_site_name":"Asia Global Service","article_modified_time":"2025-12-16T09:37:01+00:00","og_image":[{"width":1600,"height":1600,"url":"https:\/\/asiaglobalservice.com\/wp-content\/uploads\/2024\/10\/SUPRAMATIC-P-4.webp","type":"image\/webp"}],"twitter_card":"summary_large_image","twitter_misc":{"Tempo di lettura stimato":"2 minuti"},"schema":{"@context":"https:\/\/schema.org","@graph":[{"@type":"WebPage","@id":"https:\/\/asiaglobalservice.com\/index.php\/prodotto\/supramatic-p-4-cod-4510254\/","url":"https:\/\/asiaglobalservice.com\/index.php\/prodotto\/supramatic-p-4-cod-4510254\/","name":"SUPRAMATIC P-4 cod.4510254 - Asia Global Service","isPartOf":{"@id":"https:\/\/asiaglobalservice.com\/#website"},"primaryImageOfPage":{"@id":"https:\/\/asiaglobalservice.com\/index.php\/prodotto\/supramatic-p-4-cod-4510254\/#primaryimage"},"image":{"@id":"https:\/\/asiaglobalservice.com\/index.php\/prodotto\/supramatic-p-4-cod-4510254\/#primaryimage"},"thumbnailUrl":"https:\/\/asiaglobalservice.com\/wp-content\/uploads\/2024\/10\/SUPRAMATIC-P-4.webp","datePublished":"2024-10-12T20:57:32+00:00","dateModified":"2025-12-16T09:37:01+00:00","breadcrumb":{"@id":"https:\/\/asiaglobalservice.com\/index.php\/prodotto\/supramatic-p-4-cod-4510254\/#breadcrumb"},"inLanguage":"it-IT","potentialAction":[{"@type":"ReadAction","target":["https:\/\/asiaglobalservice.com\/index.php\/prodotto\/supramatic-p-4-cod-4510254\/"]}]},{"@type":"ImageObject","inLanguage":"it-IT","@id":"https:\/\/asiaglobalservice.com\/index.php\/prodotto\/supramatic-p-4-cod-4510254\/#primaryimage","url":"https:\/\/asiaglobalservice.com\/wp-content\/uploads\/2024\/10\/SUPRAMATIC-P-4.webp","contentUrl":"https:\/\/asiaglobalservice.com\/wp-content\/uploads\/2024\/10\/SUPRAMATIC-P-4.webp","width":1600,"height":1600},{"@type":"BreadcrumbList","@id":"https:\/\/asiaglobalservice.com\/index.php\/prodotto\/supramatic-p-4-cod-4510254\/#breadcrumb","itemListElement":[{"@type":"ListItem","position":1,"name":"Home","item":"https:\/\/asiaglobalservice.com\/"},{"@type":"ListItem","position":2,"name":"Shop","item":"https:\/\/asiaglobalservice.com\/index.php\/shop\/"},{"@type":"ListItem","position":3,"name":"SUPRAMATIC P-4 cod.4510254"}]},{"@type":"WebSite","@id":"https:\/\/asiaglobalservice.com\/#website","url":"https:\/\/asiaglobalservice.com\/","name":"Asia Global Service","description":"","publisher":{"@id":"https:\/\/asiaglobalservice.com\/#organization"},"potentialAction":[{"@type":"SearchAction","target":{"@type":"EntryPoint","urlTemplate":"https:\/\/asiaglobalservice.com\/?s={search_term_string}"},"query-input":{"@type":"PropertyValueSpecification","valueRequired":true,"valueName":"search_term_string"}}],"inLanguage":"it-IT"},{"@type":"Organization","@id":"https:\/\/asiaglobalservice.com\/#organization","name":"Asia Global Service","url":"https:\/\/asiaglobalservice.com\/","logo":{"@type":"ImageObject","inLanguage":"it-IT","@id":"https:\/\/asiaglobalservice.com\/#\/schema\/logo\/image\/","url":"https:\/\/asiaglobalservice.com\/wp-content\/uploads\/2024\/10\/logo-asia-sfondato.png","contentUrl":"https:\/\/asiaglobalservice.com\/wp-content\/uploads\/2024\/10\/logo-asia-sfondato.png","width":826,"height":278,"caption":"Asia Global Service"},"image":{"@id":"https:\/\/asiaglobalservice.com\/#\/schema\/logo\/image\/"}}]}},"_links":{"self":[{"href":"https:\/\/asiaglobalservice.com\/index.php\/wp-json\/wp\/v2\/product\/10595","targetHints":{"allow":["GET"]}}],"collection":[{"href":"https:\/\/asiaglobalservice.com\/index.php\/wp-json\/wp\/v2\/product"}],"about":[{"href":"https:\/\/asiaglobalservice.com\/index.php\/wp-json\/wp\/v2\/types\/product"}],"wp:featuredmedia":[{"embeddable":true,"href":"https:\/\/asiaglobalservice.com\/index.php\/wp-json\/wp\/v2\/media\/10601"}],"wp:attachment":[{"href":"https:\/\/asiaglobalservice.com\/index.php\/wp-json\/wp\/v2\/media?parent=10595"}],"wp:term":[{"taxonomy":"product_brand","embeddable":true,"href":"https:\/\/asiaglobalservice.com\/index.php\/wp-json\/wp\/v2\/product_brand?post=10595"},{"taxonomy":"product_cat","embeddable":true,"href":"https:\/\/asiaglobalservice.com\/index.php\/wp-json\/wp\/v2\/product_cat?post=10595"},{"taxonomy":"product_tag","embeddable":true,"href":"https:\/\/asiaglobalservice.com\/index.php\/wp-json\/wp\/v2\/product_tag?post=10595"}],"curies":[{"name":"wp","href":"https:\/\/api.w.org\/{rel}","templated":true}]}}